{"id":4094,"date":"2017-09-09T22:35:54","date_gmt":"2017-09-09T20:35:54","guid":{"rendered":"http:\/\/histoirencours.fr\/blog\/?page_id=4094"},"modified":"2017-09-11T22:17:01","modified_gmt":"2017-09-11T20:17:01","slug":"lenseignement-moral-et-civique-en-4eme","status":"publish","type":"page","link":"https:\/\/histoirencours.fr\/blog\/?page_id=4094","title":{"rendered":"L&#8217;Enseignement moral et civique en 4\u00e8me"},"content":{"rendered":"<p><strong><span style=\"color: #000080;\">Retrouvez ici les liens vers les diff\u00e9rents chapitres de G\u00e9ographie de l&#8217;ann\u00e9e. Au programme, les diaporamas des cours, les quiz et autres exercices de r\u00e9vision. Mais aussi, selon les chapitres, beaucoup d&#8217;autres choses : liens utiles, vid\u00e9os ou podcasts sur le chapitre.<\/span><\/strong><\/p>\n<p>&nbsp;<\/p>\n<p style=\"text-align: center;\"><strong><span style=\"color: #ff6600;\">Chapitre 1 : La libert\u00e9, un bien pr\u00e9cieux mais fragile<\/span><\/strong><\/p>\n<p style=\"text-align: center;\">\u00e0 venir<\/p>\n<p style=\"text-align: center;\"><strong><span style=\"color: #ff6600;\">Chapitre 2 : La justice garantit le respect du droit<\/span><\/strong><\/p>\n<p style=\"text-align: center;\">\u00e0 venir<\/p>\n<p>Views: 50<\/p>","protected":false},"excerpt":{"rendered":"<p>Retrouvez ici les liens vers les diff\u00e9rents chapitres de G\u00e9ographie de l&#8217;ann\u00e9e. Au programme, les diaporamas des cours, les quiz et autres exercices de r\u00e9vision. Mais aussi, selon les chapitres, beaucoup d&#8217;autres choses : liens utiles, vid\u00e9os ou podcasts sur &hellip; <a href=\"https:\/\/histoirencours.fr\/blog\/?page_id=4094\">Continuer la lecture <span class=\"meta-nav\">&rarr;<\/span><\/a><\/p>\n","protected":false},"author":1,"featured_media":0,"parent":4088,"menu_order":0,"comment_status":"closed","ping_status":"closed","template":"","meta":{"_monsterinsights_skip_tracking":false,"_monsterinsights_sitenote_active":false,"_monsterinsights_sitenote_note":"","_monsterinsights_sitenote_category":0,"ngg_post_thumbnail":0,"footnotes":""},"class_list":["post-4094","page","type-page","status-publish","hentry"],"aioseo_notices":[],"amp_enabled":true,"_links":{"self":[{"href":"https:\/\/histoirencours.fr\/blog\/index.php?rest_route=\/wp\/v2\/pages\/4094","targetHints":{"allow":["GET"]}}],"collection":[{"href":"https:\/\/histoirencours.fr\/blog\/index.php?rest_route=\/wp\/v2\/pages"}],"about":[{"href":"https:\/\/histoirencours.fr\/blog\/index.php?rest_route=\/wp\/v2\/types\/page"}],"author":[{"embeddable":true,"href":"https:\/\/histoirencours.fr\/blog\/index.php?rest_route=\/wp\/v2\/users\/1"}],"replies":[{"embeddable":true,"href":"https:\/\/histoirencours.fr\/blog\/index.php?rest_route=%2Fwp%2Fv2%2Fcomments&post=4094"}],"version-history":[{"count":3,"href":"https:\/\/histoirencours.fr\/blog\/index.php?rest_route=\/wp\/v2\/pages\/4094\/revisions"}],"predecessor-version":[{"id":4107,"href":"https:\/\/histoirencours.fr\/blog\/index.php?rest_route=\/wp\/v2\/pages\/4094\/revisions\/4107"}],"up":[{"embeddable":true,"href":"https:\/\/histoirencours.fr\/blog\/index.php?rest_route=\/wp\/v2\/pages\/4088"}],"wp:attachment":[{"href":"https:\/\/histoirencours.fr\/blog\/index.php?rest_route=%2Fwp%2Fv2%2Fmedia&parent=4094"}],"curies":[{"name":"wp","href":"https:\/\/api.w.org\/{rel}","templated":true}]}}