{"id":661,"date":"2011-10-24T15:42:25","date_gmt":"2011-10-24T13:42:25","guid":{"rendered":"http:\/\/histoirencours.fr\/blog\/?page_id=661"},"modified":"2014-03-05T10:12:47","modified_gmt":"2014-03-05T09:12:47","slug":"apprendre-et-reviser-lassr","status":"publish","type":"page","link":"https:\/\/histoirencours.fr\/blog\/?page_id=661","title":{"rendered":"Apprendre et r\u00e9viser l&#8217;ASSR"},"content":{"rendered":"<h2><a href=\"http:\/\/histoirencours.fr\/blog\/wp-content\/uploads\/2011\/10\/triangle.jpg\"><img loading=\"lazy\" decoding=\"async\" class=\"alignleft size-full wp-image-663\" title=\"triangle\" alt=\"\" src=\"http:\/\/histoirencours.fr\/blog\/wp-content\/uploads\/2011\/10\/triangle.jpg\" width=\"225\" height=\"240\" srcset=\"https:\/\/histoirencours.fr\/blog\/wp-content\/uploads\/2011\/10\/triangle.jpg 375w, https:\/\/histoirencours.fr\/blog\/wp-content\/uploads\/2011\/10\/triangle-281x300.jpg 281w\" sizes=\"auto, (max-width: 225px) 100vw, 225px\" \/><\/a>Sur cette page, vous trouverez tous les liens utiles pour <span style=\"color: #ff0000;\">apprendre les r\u00e8gles sur la route<\/span><span style=\"color: #ff0000;\"><span style=\"color: #000000;\"><span style=\"color: #ff0000;\">.<\/span> Elles doivent vous aider \u00e0 <span style=\"color: #ff0000;\">savoir l&#8217;essentiel pour pr\u00e9parer l&#8217;ASSR.<\/span><\/span><\/span><\/h2>\n<p>Pour chaque lien, j&#8217;ai ajout\u00e9 un petit commentaire pour vous aider \u00e0 choisir le site dont vous avez besoin en fonction de votre niveau et\/ou des vos difficult\u00e9s.<\/p>\n<p>&nbsp;<\/p>\n<ul>\n<li><span style=\"color: #ff0000;\">Apprendre<\/span>\u00a0<span style=\"color: #ff0000;\">la signalisation routi\u00e8re<\/span> : la <a href=\"http:\/\/www.cartables.net\/grenier\/route\/signroute.htm\" target=\"_blank\">signification des panneaux<\/a>\u00a0et faire un <a href=\"http:\/\/www.maif.fr\/association-prevention-maif\/jeux-interactifs\/signification-panneaux.html\" target=\"_blank\">quiz <\/a>pour v\u00e9rifier qu&#8217;on conna\u00eet les panneaux.<\/li>\n<\/ul>\n<ul>\n<li><span style=\"color: #ff0000;\">La plupart des r\u00e8gles \u00e0 apprendre<\/span> pour passer l&#8217;ASSR sont \u00e0 lire \u00e0 cette adresse sur le site <a href=\"http:\/\/applications.eduscol.education.fr\/D0187\/rechercheficheleve.htm\" target=\"_blank\">Eduscol<\/a>. Sont diff\u00e9renci\u00e9s les connaissances pour l&#8217;ASSR1 et l&#8217;ASSR2. On peut juste regretter l&#8217;aspect vieillot du site et une navigation pas vraiment facile.<\/li>\n<\/ul>\n<ul>\n<li><span style=\"color: #ff0000;\">Apprendre et r\u00e9viser avec auto-moto et C&#8217; pas sorcier sur le site de la S\u00e9curit\u00e9 routi\u00e8re :<\/span> C&#8217;est bien fait et c&#8217;est enti\u00e8rement en <span style=\"color: #ff0000;\">vid\u00e9os<\/span>. Il y a juste \u00e0 choisir les vid\u00e9os en fonction de ce que vous voulez r\u00e9viser. <a href=\"http:\/\/securiteroutiere.gouv.fr\/media\/multimedia\/video\/2010\/c-est-pas-sorcier\/c-est-pas-sorcier-l-education-des-enfants-a-la-securite-routiere\" target=\"_blank\">Cliquez-moi dessus!<\/a>\u00a0 \u00a0Si vous voulez en savoir plus sur la S\u00e9curit\u00e9 routi\u00e8re (chiffres, campagnes de pr\u00e9vention, etc.), voici le lien vers la <a href=\"http:\/\/www.securite-routiere.gouv.fr\/\" target=\"_blank\">page d&#8217;accueil<\/a>.<\/li>\n<\/ul>\n<div>\n<ul>\n<li><span style=\"font-size: medium;\"><span style=\"color: #ff0000;\">Conduire un deux roues<\/span> (v\u00e9lo, scooter, mobylette, ou moto) est un exercice particulier avec des r\u00e8gles sp\u00e9cifiques. La page de la S\u00e9curit\u00e9 routi\u00e8re pour vous <a href=\"http:\/\/www.securite-routiere.gouv.fr\/conseils-pour-une-route-plus-sure\/special-deux-roues-motorises\" target=\"_blank\">sensibiliser aux risques <\/a>\u00a0avec des vid\u00e9os et aussi des explications tr\u00e8s claires. Le deuxi\u00e8me site propose <a href=\"http:\/\/www.preventionroutiere.asso.fr\/education\/cyclo\/cyclo.htm?v1=APR&amp;module=\" target=\"_blank\">des tests sur votre conduite \u00e0 deux roues<\/a>. Il permet notamment d&#8217;expliquer dans le d\u00e9tail les raisons de plusieurs accidents \u00e0 l&#8217;aide d&#8217;animations tr\u00e8s bien faites.\u00a0<\/span><\/li>\n<\/ul>\n<ul>\n<li><span style=\"font-size: medium;\"><span style=\"color: #ff0000;\">Deux autres associations de s\u00e9curit\u00e9 routi\u00e8re<\/span> qui mettent des ressources \u00e0 disposition : la <a href=\"http:\/\/www.preventionroutiere.asso.fr\/14-24-ans\" target=\"_blank\">Pr\u00e9vention routi\u00e8re<\/a>\u00a0pour les 14-24 ans. Utilisez surtout l&#8217;espace <a href=\"http:\/\/www.preventionroutiere.asso.fr\/Espace-multimedia\/Des-quiz-pour-se-tester\/Moduloroute-le-labo-interactif\" target=\"_blank\">Moduloroute<\/a> en lien avec Assureurs pr\u00e9vention ; l&#8217;association <a href=\"http:\/\/www.saser.fr\/\" target=\"_blank\">SASER<\/a> dont le site regroupe des informations selon le moyen de locomotion utilis\u00e9.<\/span><\/li>\n<\/ul>\n<\/div>\n<div>\n<ul>\n<li><span class=\"Apple-style-span\" style=\"line-height: 18px; font-size: medium;\"><span style=\"color: #ff0000;\">Les sites des assureurs<\/span> sont pour la plupart tr\u00e8s bien faits dans le domaine de la s\u00e9curit\u00e9 routi\u00e8re. Ils sont une v\u00e9ritable mine d&#8217;informations et d&#8217;exercices de toutes sortes. Pour pas faire de jaloux, je vous donne tous ceux que j&#8217;ai trouv\u00e9s :<\/span><span class=\"Apple-style-span\" style=\"line-height: 18px; font-size: medium;\">Pour apprendre les connaissances de base avec des textes courts, un site de la MAAF qui parle des <a href=\"http:\/\/www.maaf-prevention.com\/web\/maafprevention.nsf\/hea_id\/admn-5xsgub#\" target=\"_blank\">deux-roues<\/a>\u00a0et <a href=\"http:\/\/www.maaf-prevention.com\/web\/maafprevention.nsf\/hea_id\/admn-5xsazn\" target=\"_blank\">des voitures<\/a>.\u00a0<\/span><span class=\"Apple-style-span\" style=\"line-height: 18px; font-size: medium;\">Sur le site de l&#8217;AGPM, des <a href=\"http:\/\/www.agpm.fr\/conseils\/prevention\/conseils-prevention-risques-routiers-domestiques.php\" target=\"_blank\">fiches pratiques<\/a> qui r\u00e9sument un certain nombre de sujets.<\/span><span class=\"Apple-style-span\" style=\"line-height: 18px; font-size: medium;\"><a href=\"http:\/\/www.assureurs-prevention.fr\/sites\/jcms\/c_5000\/sur-la-route\" target=\"_blank\">Assureurs Pr\u00e9vention<\/a>\u00a0permet de voir des vid\u00e9os, des t\u00e9moignages et de faire des quiz selon que vous \u00eates en voiture, \u00e0 pied, \u00e0 moto ou en cyclo.<br \/>\n<\/span><span class=\"Apple-style-span\" style=\"line-height: 18px; font-size: medium;\"><a href=\"http:\/\/www.zerotracas.com\/securite_routiere\/revision_gratuite_code_route_679.html\" target=\"_blank\">Z\u00e9ro tracas<\/a> est un tr\u00e8s bon site pour r\u00e9viser le code de la route avec diff\u00e9rents niveaux de difficult\u00e9 (de l&#8217;ASSR au permis de conduire).<\/span><span class=\"Apple-style-span\" style=\"line-height: 18px; font-size: medium;\">Aviva propose de jouer et <a href=\"http:\/\/www.aviva.fr\/assurances\/conseil-assurance\/prevention-routiere\/securite-routiere\/jeu-alex-et-cie\" target=\"_blank\">apprendre la route avec Alex et compagnie<\/a>. Des vid\u00e9os, des explications et des tests pour v\u00e9rifier les connaissances. C&#8217;est tr\u00e8s bien aussi!<\/span><\/p>\n<p><span class=\"Apple-style-span\" style=\"line-height: 18px; font-size: medium;\">Un <a href=\"http:\/\/www.mae-prevention.org\/jeux.html\" target=\"_blank\">site de pr\u00e9vention<\/a> de la MAE pour jouer en lien avec la s\u00e9curit\u00e9 routi\u00e8re. il faut s&#8217;inscrire pour participer, ce que je n&#8217;ai pas fait. Si vous voulez essayer&#8230;<\/span><\/p>\n<p>&nbsp;<\/p>\n<p style=\"text-align: left;\"><span class=\"Apple-style-span\" style=\"line-height: 18px; font-size: medium;\">Un site de l&#8217;Education nationale,\u00a0<a href=\"http:\/\/www.education-securite-routiere.fr\/spip.php?mot17\" target=\"_blank\">Education S\u00e9curit\u00e9 routi\u00e8re<\/a> qui recense lui aussi un certain nombre de ressources.<\/span><\/p>\n<p style=\"text-align: left;\"><span class=\"Apple-style-span\" style=\"line-height: 18px; font-size: medium; color: #ff0000;\">Avec tout cela, vous allez bient\u00f4t mieux conna\u00eetre le code de la route que vos parents&#8230;<\/span><\/p>\n<p style=\"text-align: center;\"><span style=\"color: #ff0000; font-size: small;\"><span class=\"Apple-style-span\" style=\"line-height: 18px;\"><a href=\"http:\/\/histoirencours.fr\/blog\/?page_id=656\" target=\"_blank\">retour au sommaire ASSR<\/a><\/span><\/span><\/p>\n<\/li>\n<\/ul>\n<\/div>\n<p>Views: 1292<\/p>","protected":false},"excerpt":{"rendered":"<p>Sur cette page, vous trouverez tous les liens utiles pour apprendre les r\u00e8gles sur la route. Elles doivent vous aider \u00e0 savoir l&#8217;essentiel pour pr\u00e9parer l&#8217;ASSR. Pour chaque lien, j&#8217;ai ajout\u00e9 un petit commentaire pour vous aider \u00e0 choisir le &hellip; <a href=\"https:\/\/histoirencours.fr\/blog\/?page_id=661\">Continuer la lecture <span class=\"meta-nav\">&rarr;<\/span><\/a><\/p>\n","protected":false},"author":1,"featured_media":0,"parent":656,"menu_order":2,"comment_status":"closed","ping_status":"open","template":"","meta":{"_monsterinsights_skip_tracking":false,"_monsterinsights_sitenote_active":false,"_monsterinsights_sitenote_note":"","_monsterinsights_sitenote_category":0,"ngg_post_thumbnail":0,"footnotes":""},"class_list":["post-661","page","type-page","status-publish","hentry"],"aioseo_notices":[],"amp_enabled":true,"_links":{"self":[{"href":"https:\/\/histoirencours.fr\/blog\/index.php?rest_route=\/wp\/v2\/pages\/661","targetHints":{"allow":["GET"]}}],"collection":[{"href":"https:\/\/histoirencours.fr\/blog\/index.php?rest_route=\/wp\/v2\/pages"}],"about":[{"href":"https:\/\/histoirencours.fr\/blog\/index.php?rest_route=\/wp\/v2\/types\/page"}],"author":[{"embeddable":true,"href":"https:\/\/histoirencours.fr\/blog\/index.php?rest_route=\/wp\/v2\/users\/1"}],"replies":[{"embeddable":true,"href":"https:\/\/histoirencours.fr\/blog\/index.php?rest_route=%2Fwp%2Fv2%2Fcomments&post=661"}],"version-history":[{"count":8,"href":"https:\/\/histoirencours.fr\/blog\/index.php?rest_route=\/wp\/v2\/pages\/661\/revisions"}],"predecessor-version":[{"id":3177,"href":"https:\/\/histoirencours.fr\/blog\/index.php?rest_route=\/wp\/v2\/pages\/661\/revisions\/3177"}],"up":[{"embeddable":true,"href":"https:\/\/histoirencours.fr\/blog\/index.php?rest_route=\/wp\/v2\/pages\/656"}],"wp:attachment":[{"href":"https:\/\/histoirencours.fr\/blog\/index.php?rest_route=%2Fwp%2Fv2%2Fmedia&parent=661"}],"curies":[{"name":"wp","href":"https:\/\/api.w.org\/{rel}","templated":true}]}}